be 1*-74*2/4. Let z = a + 37. Suppose -5*r - v + 386 = z, 2*r - 4*v - 118 = 32. What are the prime factors of r?
7, 11
Suppose -27*b = -11*b + 32144. Let z = b + 3227. What are the prime factors of z?
2, 3, 7, 29
Let f = 143479 - 102434. List the prime factors of f.
5, 8209
Suppose 4*q = 5*s - 40 + 292, -s + 3*q = 57. Let m be (7 - 2)/((-2)/(-82)). Let p = m + s. What are the prime factors of p?
157
List the prime factors of (-63)/(-105) + 3394*42/20.
2, 3, 11
Suppose 4*g + 2*g = 30*g - 185760. List the prime factors of g.
2, 3, 5, 43
Let r(d) = d. Let l(y) = 6*y + 1. Let x(q) = 6*l(q) - 34*r(q). Let b be x(7). Suppose 3*h = 37 + b. List the prime factors of h.
19
Let k(h) = 44*h**2 - 78*h + 52. What are the prime factors of k(-19)?
2, 3, 2903
Let t(b) = -320*b + 41. Let o be t(-3). Let r = o - 590. List the prime factors of r.
3, 137
Suppose 914 = -3*a - 136. Let h = 513 + a. What are the prime factors of h?
163
Suppose -3*f - 8*c + 52 = -12*c, -4*f = 5*c - 28. Let r(a) = a**3 - 8*a**2 - 6*a - 12. List the prime factors of r(f).
2, 3, 41
Suppose -2*f - 3*d + 147143 = 0, 3*f - 167922 = -5*d + 52792. List the prime factors of f.
29, 43, 59
Let t = -30 + 32. Suppose -130 = -4*z + 2*l, -2 - t = -4*l. Suppose 0 = 3*h + 5*x - 34, -4*x + z = 5*h - 2. What are the prime factors of h?
3
Suppose 5*x = -20, 4*x + 1003 = -2*k + 11. Let l = 932 + k. List the prime factors of l.
2, 3, 37
Let p(x) = 0 - 2 + 3 + 6*x**2 - 2*x + 47*x**3 - 5*x**2. Let d be 132/156 + 2/13. List the prime factors of p(d).
47
Let r(a) = -3625*a - 241. List the prime factors of r(-6).
137, 157
Let r = 7269 - -3657. What are the prime factors of r?
2, 3, 607
Suppose 5*b - 19838 = -2*i, 3*i + 0*b - 29767 = -5*b. What are the prime factors of i?
9929
Suppose -11*z = -r - 13*z - 1557, 5*r - 4*z + 7715 = 0. Let i = r - -2626. List the prime factors of i.
13, 83
Let k be (-2 - 0/(-2)) + 106. Let w = 799 + -797. Suppose -w*p = -k + 18. What are the prime factors of p?
43
Suppose 0 = 14*n - 131*n + 1079325. List the prime factors of n.
3, 5, 41
Let n(r) = 61*r**2 + 6*r + 29. Let d(x) = 121*x**2 + 11*x + 60. Let z(h) = -3*d(h) + 7*n(h). What are the prime factors of z(-5)?
2, 3, 263
Suppose 215*z = 212*z - 5*v + 243938, -2*z + 162621 = -v. List the prime factors of z.
17, 4783
Let q be (-4 - -520)*2/(-3). Let y = -392 + -176. Let j = q - y. What are the prime factors of j?
2, 7
Let m = 145 - 105. List the prime factors of m/(-2)*21*12/(-16).
3, 5, 7
Let h be (-473)/22*(5 - 3)*11. Let x = 589 + h. List the prime factors of x.
2, 29
Let a be (-19840)/14 + -3*1/(-21). Let z = a - -656. What are the prime factors of z/(-4) - (-8)/(-32)?
2, 5, 19
Let d(k) = -5*k - 2. Let j be d(0). Let r(n) = -n - 3. Let z be r(j). Let q(p) = -101*p**3 + 3*p + 3. List the prime factors of q(z).
101
Suppose 2*p = -61 + 5. Let q be (6/(-4))/((-14)/p). List the prime factors of -3 - (0 + q) - (-3 - 74).
7, 11
Let s be (24/(-15) - -2)/(2/(-240)). Let x be ((s/(-9))/(7/(-21)))/1. Let a(f) = 2*f**2 + 28*f + 14. List the prime factors of a(x).
2, 3, 13
Suppose -2*s + 4*t = -3618, -15*t + 10*t + 5 = 0. Suppose 5*f - 7016 = -s. List the prime factors of f.
3, 347
Let w = -66 - -154. Suppose 0 = 83*l - w*l + 585. What are the prime factors of l?
3, 13
Suppose -4*u + 40430 = 2*j, -122*j + 125*j + u = 60660. What are the prime factors of j?
73, 277
Let h = 6843 - -4415. What are the prime factors of h?
2, 13, 433
Let x(n) = -31*n + 331. Let k be x(37). Let g = 884 + k. What are the prime factors of g?
2, 17
What are the prime factors of (-467214)/(-39) + 8/52?
2, 5, 599
Let o(w) = 2*w**3 - w**2 + 2*w + 5. Let l = -41 + 43. Suppose a - l - 1 = 0. What are the prime factors of o(a)?
2, 7
Suppose 2*a - 89564 = -2*f, -24*a - 3*f = -23*a - 44788. What are the prime factors of a?
7, 6397
Suppose 0 = -42*s - 25667 + 74303. What are the prime factors of s?
2, 3, 193
Let m(t) = 2*t**2 + 111*t + 141. List the prime factors of m(30).
3, 7, 251
Suppose 0 = -30*k + 29*k + 4. Suppose -k*u - a + 51 = 0, -4*a - 28 = -2*u - 2*a. Suppose 15 = 16*h - u*h. List the prime factors of h.
5
Let o(w) = -w**2 - 9*w + 73. Let m be o(-14). What are the prime factors of (-6453)/(-12) - (4 - m)/(-4)?
2, 269
Let s be 4*179 + 10 + -6. Suppose -s = 29*m - 32*m. Let g = 356 - m. List the prime factors of g.
2, 29
Let w = 4228 + -1602. What are the prime factors of w?
2, 13, 101
Suppose -k = 1 - 13. Let f be 248/k - 10/15. Suppose -p = -x - 0*x + f, 3*x - p - 52 = 0. List the prime factors of x.
2
Let u(z) = 5 + 8 + z - 10 - z**2. Let n be u(0). Suppose -24 = 2*l - n*l. List the prime factors of l.
2, 3
Let p(q) = 9*q**2 + 13*q + 405. List the prime factors of p(-34).
7, 1481
Let n = -61 - -66. Suppose n*p + 2*y - 8867 = -1164, -3*p = 3*y - 4629. What are the prime factors of p?
3, 19
Let v(d) = 3*d**2 + 2*d + 16. Let g(z) = 15 + 2*z + 4*z**2 + z - 5*z**2 + 5*z**2. Let f(j) = 4*g(j) - 5*v(j). What are the prime factors of f(-12)?
2, 5
Let c(u) = 2*u**3 + 12*u + 2. Let t(w) = -43 - 18 + 0 + w + 3*w. Let h be t(16). What are the prime factors of c(h)?
2, 23
Let p(j) be the first derivative of -98*j**2 - 13 + 43*j**2 - 29*j + 46*j**2. List the prime factors of p(-10).
151
Suppose i = 4*f + 7954, -2*f = -2*i + 18377 - 2457. What are the prime factors of i?
2, 3, 1327
Let t be ((-176)/64)/(2/64). Let y = t + 223. List the prime factors of y.
3, 5
Let c(o) = 1327*o - 5569. List the prime factors of c(6).
2393
Suppose 4*y - 53423 + 9199 = -4*g, -y - 44229 = -4*g. What are the prime factors of g?
11057
Suppose -3*w + 5*w - 10141 = -5*c, -15 = -5*w. List the prime factors of c.
2027
Let g = -339 + 341. Suppose g*b + 4032 = 18*b. List the prime factors of b.
2, 3, 7
Let f = -98 + 1887. Suppose w + f = 4*a, 1323 = 3*a + 3*w - 0*w. What are the prime factors of a?
2, 223
Suppose -26*o + 10637 = -1435 - 186542. List the prime factors of o.
7639
Let r(l) be the second derivative of -l**5/20 + 17*l**4/12 - 13*l**3/3 + 79*l**2/2 + 6*l - 3. What are the prime factors of r(15)?
139
List the prime factors of 17/34 - 33342/(-12).
7, 397
List the prime factors of (-1 + (-117189)/60 - 4/16)*-5.
2, 7, 349
Suppose 12*x + 11745 = 21*x. Suppose -z + 0*z + 5*w + 425 = 0, 3*z = 5*w + x. What are the prime factors of z?
2, 5, 11
Let y = 493 - 252. Suppose 0 = -u + 2*f + 900, -5*u + 4*f = -4271 - y. List the prime factors of u.
2, 113
Let f(r) = 4*r**2 + r. Let n be f(1). Suppose -760 = -n*v + 3*i - 0*i, -2*i = 0. What are the prime factors of v?
2, 19
Suppose w + 4*v - 46 = -2*w, 13 = w - v. Suppose 11*n - w*n - 33 = 0. Let t = n - -28. List the prime factors of t.
17
Let j be (-765)/(-7 - 80/(-12)). Let g = j - 1174. What are the prime factors of g?
19, 59
Suppose 28*h = -66*h + 1833103 + 1238441. List the prime factors of h.
2, 3, 7, 389
Let h(n) = -12*n + 10. Let u be h(1). What are the prime factors of (-26)/52 + (-1321)/u?
2, 3, 5, 11
Suppose -3*o + 20*m + 2368 = 18*m, 2*o - m = 1577. What are the prime factors of o?
2, 3, 131
What are the prime factors of 308342/12 + (-40)/768*-16?
2, 11, 73
Let f be (324 - (3 + -5)) + 0 + -2. Suppose -f = 8*b - 1644. What are the prime factors of b?
3, 5, 11
Suppose -16 = 4*r - 28. Suppose 3*d - 3 = r. Suppose -d*z = -119 - 147. What are the prime factors of z?
7, 19
Let h = 720 + 521. Suppose -5*c - 1217 = -4*z, -4*z = 7*c - 4*c - h. What are the prime factors of z?
2, 7, 11
Suppose -23*p - 30 = -8*p. Let q be (-6*(-4)/16)/(p/4). What are the prime factors of (26/3)/(q/(-36))?
2, 13
Let l(a) = 3*a + 68. Let y be l(-20). Suppose 15*j + 143 = y. Let o = j - -60. List the prime factors of o.
3, 17
Let c(a) = -a**3 - 9*a**2 - 23*a + 5. Let t be c(-4). Suppose 0 = t*p + 659 - 4807. List the prime factors of p.
2, 61
Let s(z) = z**3 - 2*z**2 + 3*z. Suppose 5*m - 5*q - 13 = m, 0 = 3*m + 3*q - 3. Let c be s(m). Suppose c*r - 360 = -6*r. List the prime factors of r.
2, 3, 5
Let t = -3547 + 1361. Let b = 3138 + t. List the prime factors of b.
2, 7, 17
Let h(k) = k**2 - 7*k + 20. Let a be h(10). Let o = 102 + -71. Let n = a - o. List the prime factors of n.
19
Let k be (-3 - 52/(-6)) + 6/(-9). Let h be (-2)/(k/(10/(-4))). List the prime factors of h/(-3) - 1407/(-9).
2, 3, 13
Let c = -165 - -185. List the prime factors of c/4*(-724)/(-10).
2, 181
Supp